-1)). What is the units digit of 10/(-3)*r/4?
5
Let m(f) = -f + 17. What is the units digit of m(-13)?
0
Let q = 4 - 1. Suppose 0 = 5*k - q*k. Suppose -2*v - 3*v + 35 = k. What is the units digit of v?
7
What is the units digit of 2/10 - 178/(-10)?
8
Suppose 28 = h - 0*l + 3*l, -5*l - 4 = -h. Suppose -25 - h = -2*i. What is the units digit of i?
2
Suppose 4*g = 22 - 6. Suppose 0*a = g*a + 172. Let k = a + 61. What is the tens digit of k?
1
Let v(z) = -3*z + 8. What is the units digit of v(-9)?
5
Let t = 2 - 6. Let n(y) = 2*y**2 + 5*y + 1. What is the units digit of n(t)?
3
What is the tens digit of 6/4*((-1960)/(-12))/5?
4
What is the units digit of (-37)/3*(-1 - 2)?
7
Let q(r) = -4 + 15 + 7*r + 8*r**2 - 9*r**2. What is the units digit of q(8)?
3
Let z(o) = -4 + 4 + o. Let n be z(4). What is the tens digit of (-50)/4*n/(-5)?
1
Suppose h - 2*f - 2*f = 37, 5*h - 2*f - 131 = 0. Suppose 16 = -5*y + 4*o + 83, 2*y - o - h = 0. What is the units digit of y?
1
Let p(l) = 2*l**3 + l**2 + 3*l + 2. Let f be p(-2). What is the units digit of (-4)/f - (-81)/12?
7
Suppose -s - 2*s + 64 = -2*q, -5*q + 10 = s. What is the tens digit of s + 2 + 3/(-1)?
1
Suppose 5*n + 50 = 4*d, 5*n = -2*d - 17 - 3. Let f = n - -5. What is the tens digit of (-2 - f) + 15 + 3?
1
Let v be 234/8 - (-6)/(-24). What is the tens digit of (-1 - -2) + v + -3?
2
Suppose 2*w = -3*u - 0*w + 158, -4*w + 4 = 0. What is the units digit of u?
2
Let y be (-2)/(-5) + 14/(-35). Let p be (-3 - 0)/(1 + y). Let g = p + 7. What is the units digit of g?
4
Suppose -5*m - 250 = -5*l, 260 = -l + 6*l - 3*m. What is the tens digit of l?
5
Let x = -11 - -15. Suppose x - 55 = -3*d. What is the units digit of d?
7
Let z = 175 - 118. What is the tens digit of z?
5
Let f be (8/6*3)/(-2). Let b(i) = -4*i - 2. Let s be b(f). Suppose s*w = 3*w + 24. What is the units digit of w?
8
Let m(o) = -o**3 - 6*o**2 + 8*o + 6. Let g be m(-7). Let k = g - -1. Let s(q) = q + 1. What is the units digit of s(k)?
1
Let j(c) = 4*c + 73. What is the tens digit of j(-12)?
2
What is the tens digit of 1/(-2) + (29/2 - 1)?
1
Let n be -17 + (1 - (-4 - -1)). Let g = n + 52. What is the units digit of g?
9
Suppose 19 + 111 = 2*c + 2*a, 2*a + 4 = 0. Let s = c - 45. What is the tens digit of s?
2
Let c = -2 + 6. Suppose -4*k = 2*m - 0*m - 34, -c*m + 19 = k. What is the units digit of k?
7
Let x(y) = y**2 + 4*y + 3. Let q be x(-4). Let j = q - 1. What is the units digit of j?
2
Let l(t) = t - 4. Let u be l(6). Let i = 2 + u. Let r = -2 + i. What is the units digit of r?
2
Suppose 0*q = 2*q. Suppose -4*z = -q*z. Suppose 4*b - 5*h - 37 = z, b - 9 = 3*h + 9. What is the units digit of b?
3
Let r(l) = -12 + 12 - 7*l + 14*l. What is the units digit of r(2)?
4
Suppose 42 - 159 = -3*s - 3*y, s = -4*y + 36. Suppose -2*d = 2*a - 60, s = a + 2*d + d. What is the tens digit of a?
2
Suppose 2*r - 17 = 5*b, 2*r + 4*b + 9 = -1. Let f be (r + 1)/(2 + -3). What is the tens digit of (-3)/f*(0 - -14)?
2
Let d(t) = 2*t**2 - 10*t - 17. What is the units digit of d(10)?
3
Let f = 12 + -7. Suppose -68 - 2 = -f*w. What is the units digit of w?
4
Let t be (3/(-12))/((-2)/8). Let h be (-2)/4*-4 - t. Let q = h + 0. What is the units digit of q?
1
Let w = 28 + 181. What is the tens digit of w?
0
Let k(m) = -2*m**2 + 4*m - 1. Let p be k(-2). Let y = -2 - 25. Let t = p - y. What is the tens digit of t?
1
Let b(d) = -4*d - 5. Suppose -35 = w + 4*w. What is the tens digit of b(w)?
2
Suppose -4*n = -9 - 31. Suppose -n*a + 7*a = -51. What is the units digit of a?
7
Let v be 4/(-18) + 695/9. Suppose 2*u + 3 = a + 56, -v = -3*u + 4*a. What is the tens digit of u?
2
Suppose n - c - 60 = 2*c, -5*c = -15. Suppose 0 = -2*k - k + n. What is the units digit of k?
3
Let s be 65/3 - (-4)/(-6). Suppose -s = -c + 2*v, 15 = -0*v - 5*v. What is the tens digit of c?
1
Let w(z) = 7*z + 1. Let t be w(-1). Let c = t + 1. Let p(g) = g**2 + 4*g - 1. What is the units digit of p(c)?
4
Suppose -3*z + 9 = -3*x, -5*x + 3 = 5*z - 2. Suppose 8 = -2*k - 2. What is the units digit of ((-24)/(-15))/(x/k)?
8
Let k(r) = -5*r + 13*r - 6*r. What is the units digit of k(3)?
6
Suppose 0 = -f - f + 4. Suppose -5*a + 135 = -3*t, 5*a = f*t - 2 + 142. What is the units digit of a?
0
Suppose -4*l = -3*g + 3, 4*l + l = -4*g + 35. Suppose -l*m = -4*z + z + 45, 5*z + 5*m = 55. Let a = -7 + z. What is the units digit of a?
6
Suppose -4*s = 4 + 32. Let c = 16 + s. What is the units digit of c?
7
Let f = 121 - 41. What is the tens digit of f?
8
Let f(v) = -11*v. Let p be f(-3). Let y = 46 - p. What is the tens digit of y?
1
Suppose -4*h + 3*h + 54 = 0. What is the units digit of h?
4
Let t(v) = -v**2 + 21*v + 20. What is the tens digit of t(9)?
2
Let l(g) = g**2 + 11. Let m(b) = b**2 - b + 11. Let r(q) = -3*l(q) + 4*m(q). What is the units digit of r(6)?
3
Suppose 2*w = 5*w + 2*h, 2*h = -2*w - 2. Suppose j - 7 - w = 0. What is the units digit of j?
9
Suppose p + 105 = 6*p. Let z = p - 14. What is the units digit of z?
7
Let n(z) = 3*z. Let j(u) = 1. Let a(b) = -3*j(b) + n(b). Let d be a(2). Suppose s = 8 - d. What is the units digit of s?
5
Let z = -15 - -13. What is the units digit of ((-90)/(-20))/(z/(-4))?
9
Suppose -5 = 3*r - 14. Let t(v) = -v**3 - 14*v**2 - 9*v + 4. Let m be t(-8). What is the tens digit of 1/r - m/21?
1
Let b(w) = w**3 - 6*w**2 + 7*w - 7. Let v be b(5). Suppose -v*g - i = 3*i - 8, -4*g = -5*i - 21. What is the units digit of 94/8 + 1/g?
2
Let t(v) = v. Let d(y) = -y**3 - 11*y**2 - 10*y + 1. Let a be d(-10). What is the units digit of t(a)?
1
Suppose i - 16 = -4*y, -3*i + 0*y - 8 = -2*y. Let p(h) = 2*h. Let z be p(6). Suppose 0*m + 3*m - 4*o + 14 = i, 0 = 4*m - 4*o + z. What is the units digit of m?
2
Let s(l) = l**3 - 4*l**2 + l - 1. Let u be s(4). Suppose p - 5 = -u*w - 3, -w - 26 = -5*p. What is the units digit of 0 + (w - -11) + -2?
8
Let s be (-12)/9*(-3)/1. Suppose -k - s*k = -5. What is the units digit of 2 - k - -2*1?
3
Suppose -4*x + 0*q + q - 5 = 0, 8 = -3*x + 5*q. Let n be (-4)/(2/3*x). Suppose 3*i = -n + 15. What is the units digit of i?
3
What is the tens digit of 485/10 + (-1)/(-2)?
4
Let k(j) = j**2 + 4*j - 7. Let h be k(-7). Let s = -6 + h. What is the units digit of s?
8
Let j(s) = -s**3 - 6*s**2 - 5*s - 4. Let g(m) = -m - 11. Let b be g(-7). Let h be j(b). Let w = 23 + h. What is the units digit of w?
7
Let h(x) = x**2 - x + 1. Let a be h(0). Let g(s) = 19*s - 1. Let o be g(a). Suppose 2*j + o = 4*j. What is the units digit of j?
9
Suppose 12 = 5*v - 2*v. Suppose 0*f + 33 = 3*f + 3*p, 26 = v*f - 2*p. Let w = 19 - f. What is the tens digit of w?
1
Let p(v) = 7*v + 2. What is the units digit of p(5)?
7
Let v(j) = j**3 - 2*j**2 + 4*j - 3. Let o be 6/4*(2 + 0). Suppose o*z - 8 = -z. What is the units digit of v(z)?
5
Let f(y) = 3*y - 6. Let r(z) = z**2 - 3*z - 2. Let s be r(3). Let v be (3 - 1) + (-4)/s. What is the units digit of f(v)?
6
Let l(u) be the second derivative of u**5/20 + 2*u**4/3 + 5*u**2/2 + u. Let o be l(-8). Suppose o*i - 20 = i. What is the units digit of i?
5
Suppose 2*c + c - 159 = 0. What is the tens digit of c?
5
Suppose 7*m = 2*m. Suppose -6*z + 3*z + 66 = m. What is the units digit of z?
2
Suppose 3*t + 3*r - 21 = 0, 4*t + 5 - 25 = -2*r. Let d be t*1 - (-3 - -3). Suppose 59 = d*a + 2. What is the tens digit of a?
1
Let r = -7 + 12. Suppose -r*q = -48 - 2. What is the tens digit of q?
1
Let x(k) = -2*k**2 + 14*k + 17. Let c(j) = 6*j**2 + j. Let f be c(1). Let u(s) = -s**2 + 7*s + 8. Let n(w) = f*u(w) - 3*x(w). What is the units digit of n(4)?
7
Let n(q) = -q**2 + 8*q + 10. Let r be n(7). Suppose 3*c - 2*s - 33 = -5*s, s + r = c. Suppose 0 = -3*j + j + c. What is the units digit of j?
7
Suppose 22 = 5*z + 7. Suppose -70 = -z*y + 2*g, -26 = -y + g - 3*g. What is the tens digit of y?
2
What is the units digit of ((1872/(-2))/4)/(4/(-4))?
4
Let q = 254 + -145. What is the tens digit of q?
0
Suppose t + q = 6*q + 21, -5*q - 23 = -3*t. Suppose 2*v + t = 15. What is the units digit of v?
7
Suppose -15 = 5*r - 0*r. What is the tens digit of ((-2)/r)/((-20)/(-690))?
2
Let p = -97 - -203. What is the hundreds digit of p?
1
Suppose -112 = -3*y + 7*y. Let u = y + 12. Let k = u - -26. What is the tens digit of k?
1
Let d(n) = n. Let x(y) = -7. Let f(j) = 2*d(j) - x(j